{"id":2220,"date":"2025-12-10T13:20:13","date_gmt":"2025-12-10T18:20:13","guid":{"rendered":"https:\/\/especiasbi.com\/tienda\/?post_type=product&#038;p=2220"},"modified":"2025-12-13T14:57:40","modified_gmt":"2025-12-13T19:57:40","slug":"cafe-bi-cafe-100-cubano","status":"publish","type":"product","link":"https:\/\/especiasbi.com\/tienda\/producto\/cafe-bi-cafe-100-cubano\/","title":{"rendered":"Caf\u00e9 Bi (caf\u00e9 100% cubano)"},"content":{"rendered":"<p><strong>IMPORTANTE<\/strong> \/ Caf\u00e9 Bi es un caf\u00e9 cubano cultivado y tostado en una finca en el Occidente de Cuba. Especialmente a manos de personas de la misma regi\u00f3n. Caf\u00e9 Bi es una marca Propia que comienza a salir al mercado. Para demostrar que no solo las grandes empresas productoras de caf\u00e9 pueden brindar un aroma y sabor aut\u00e9ntico. Caf\u00e9 Bi actualmente es vendido a menor escala, pero ha tenido mucha aceptaci\u00f3n en cada hogar en que se ha hecho presente. No solo es un caf\u00e9, es esfuerzo, dedicaci\u00f3n, apoyo a empleos verdes y tradicionales, vivir y sentir lo tradicional de cuba en cada sorbo. Es la elecci\u00f3n ideal para los amantes del caf\u00e9 que buscan una experiencia aut\u00e9ntica y llena de sabor cubano. Este caf\u00e9 es un producto 100% CUBANO, Todo su proceso es manual y tradicional, no presenta ning\u00fan proceso industrial. Desde su cultivo, el crecimiento de la planta, el abono org\u00e1nico, su cosecha, su proceso cuidadoso de tostado, y llegando a su perfecta molienda&#8230;. todo es manual como lo hacian nuestros abuelos en los compos cubanos.<\/p>\n<p>Ofreciendo un aroma intenso y un perfil de sabor distintivo que destaca sus notas terrosas y frutales del pa\u00eds caribe\u00f1o. Presentado en un elegante frasco de vidrio, cada porci\u00f3n de 25g est\u00e1 dise\u00f1ada para conservar la frescura y riqueza del caf\u00e9 tradicional cubano, lo que permite disfrutar de unas 5 taza de expresso aproximadamente en cualquier momento del d\u00eda.<\/p>\n<p>Con un nivel de tostado tradicional, este caf\u00e9 se adapta a diversas preferencias de consumo, siendo ideal tanto para m\u00e9todos de preparaci\u00f3n en cafetera como para m\u00e9todos m\u00e1s artesanales. La versatilidad de Caf\u00e9 Bi Cubano lo convierte en una opci\u00f3n excelente para aquellos que buscan experimentar con diferentes t\u00e9cnicas de preparaci\u00f3n, desde un espresso concentrado hasta un caf\u00e9 filtrado suave.<\/p>\n<p>Acompa\u00f1ado de su presentaci\u00f3n en frasco de vidrio de 25g, Caf\u00e9 Bi cubano no solo es una opci\u00f3n deliciosa, sino que tambi\u00e9n a\u00f1ade un toque de est\u00e9tica y sofisticaci\u00f3n a tu cocina, ideal para compartir o disfrutar en momentos de tranquilidad.<\/p>\n<p>Perm\u00edtete ser transportado a la plantaci\u00f3n de caf\u00e9 en Cuba con cada sorbo, donde la tradici\u00f3n y la pasi\u00f3n por el caf\u00e9 se fusionan en una experiencia inigualable. Haz de tu rutina diaria un ritual de sabor con Caf\u00e9 Bi, una selecci\u00f3n excepcional para quienes valoran la calidad en cada taza.<\/p>\n","protected":false},"excerpt":{"rendered":"<p>Caf\u00e9 Cubano Bi 100% Cubano. Traido desde Cuba<\/p>\n","protected":false},"featured_media":2224,"template":"","meta":{"_uag_custom_page_level_css":"","site-sidebar-layout":"default","site-content-layout":"","ast-site-content-layout":"default","site-content-style":"default","site-sidebar-style":"default","ast-global-header-display":"","ast-banner-title-visibility":"","ast-main-header-display":"","ast-hfb-above-header-display":"","ast-hfb-below-header-display":"","ast-hfb-mobile-header-display":"","site-post-title":"","ast-breadcrumbs-content":"","ast-featured-img":"","footer-sml-layout":"","ast-disable-related-posts":"","theme-transparent-header-meta":"default","adv-header-id-meta":"","stick-header-meta":"","header-above-stick-meta":"","header-main-stick-meta":"","header-below-stick-meta":"","astra-migrate-meta-layouts":"set","ast-page-background-enabled":"default","ast-page-background-meta":{"desktop":{"background-color":"var(--ast-global-color-4)","background-image":"","background-repeat":"repeat","background-position":"center center","background-size":"auto","background-attachment":"scroll","background-type":"","background-media":"","overlay-type":"","overlay-color":"","overlay-opacity":"","overlay-gradient":""},"tablet":{"background-color":"","background-image":"","background-repeat":"repeat","background-position":"center center","background-size":"auto","background-attachment":"scroll","background-type":"","background-media":"","overlay-type":"","overlay-color":"","overlay-opacity":"","overlay-gradient":""},"mobile":{"background-color":"","background-image":"","background-repeat":"repeat","background-position":"center center","background-size":"auto","background-attachment":"scroll","background-type":"","background-media":"","overlay-type":"","overlay-color":"","overlay-opacity":"","overlay-gradient":""}},"ast-content-background-meta":{"desktop":{"background-color":"var(--ast-global-color-5)","background-image":"","background-repeat":"repeat","background-position":"center center","background-size":"auto","background-attachment":"scroll","background-type":"","background-media":"","overlay-type":"","overlay-color":"","overlay-opacity":"","overlay-gradient":""},"tablet":{"background-color":"var(--ast-global-color-5)","background-image":"","background-repeat":"repeat","background-position":"center center","background-size":"auto","background-attachment":"scroll","background-type":"","background-media":"","overlay-type":"","overlay-color":"","overlay-opacity":"","overlay-gradient":""},"mobile":{"background-color":"var(--ast-global-color-5)","background-image":"","background-repeat":"repeat","background-position":"center center","background-size":"auto","background-attachment":"scroll","background-type":"","background-media":"","overlay-type":"","overlay-color":"","overlay-opacity":"","overlay-gradient":""}},"_joinchat":[]},"product_brand":[35],"product_cat":[41,66],"product_tag":[39,53],"class_list":{"0":"post-2220","1":"product","2":"type-product","3":"status-publish","4":"has-post-thumbnail","6":"product_brand-especias-bi","7":"product_cat-infusion-te-bebidas","8":"product_cat-todos-los-productos","9":"product_tag-molido","10":"product_tag-tostado-medio","11":"desktop-align-center","12":"tablet-align-left","13":"mobile-align-left","15":"first","16":"instock","17":"shipping-taxable","18":"purchasable","19":"product-type-simple"},"uagb_featured_image_src":{"full":["https:\/\/especiasbi.com\/tienda\/wp-content\/uploads\/2025\/12\/Cafe-Bi.jpg",664,800,false],"thumbnail":["https:\/\/especiasbi.com\/tienda\/wp-content\/uploads\/2025\/12\/Cafe-Bi-150x150.jpg",150,150,true],"medium":["https:\/\/especiasbi.com\/tienda\/wp-content\/uploads\/2025\/12\/Cafe-Bi-249x300.jpg",249,300,true],"medium_large":["https:\/\/especiasbi.com\/tienda\/wp-content\/uploads\/2025\/12\/Cafe-Bi.jpg",664,800,false],"large":["https:\/\/especiasbi.com\/tienda\/wp-content\/uploads\/2025\/12\/Cafe-Bi.jpg",664,800,false],"1536x1536":["https:\/\/especiasbi.com\/tienda\/wp-content\/uploads\/2025\/12\/Cafe-Bi.jpg",664,800,false],"2048x2048":["https:\/\/especiasbi.com\/tienda\/wp-content\/uploads\/2025\/12\/Cafe-Bi.jpg",664,800,false],"woocommerce_thumbnail":["https:\/\/especiasbi.com\/tienda\/wp-content\/uploads\/2025\/12\/Cafe-Bi-300x300.jpg",300,300,true],"woocommerce_single":["https:\/\/especiasbi.com\/tienda\/wp-content\/uploads\/2025\/12\/Cafe-Bi-600x723.jpg",600,723,true],"woocommerce_gallery_thumbnail":["https:\/\/especiasbi.com\/tienda\/wp-content\/uploads\/2025\/12\/Cafe-Bi-100x100.jpg",100,100,true]},"uagb_author_info":{"display_name":"Especias Bi \/ Tienda","author_link":"https:\/\/especiasbi.com\/tienda\/author\/"},"uagb_comment_info":0,"uagb_excerpt":"Caf\u00e9 Cubano Bi 100% Cubano. Traido desde Cuba","_links":{"self":[{"href":"https:\/\/especiasbi.com\/tienda\/wp-json\/wp\/v2\/product\/2220","targetHints":{"allow":["GET"]}}],"collection":[{"href":"https:\/\/especiasbi.com\/tienda\/wp-json\/wp\/v2\/product"}],"about":[{"href":"https:\/\/especiasbi.com\/tienda\/wp-json\/wp\/v2\/types\/product"}],"wp:featuredmedia":[{"embeddable":true,"href":"https:\/\/especiasbi.com\/tienda\/wp-json\/wp\/v2\/media\/2224"}],"wp:attachment":[{"href":"https:\/\/especiasbi.com\/tienda\/wp-json\/wp\/v2\/media?parent=2220"}],"wp:term":[{"taxonomy":"product_brand","embeddable":true,"href":"https:\/\/especiasbi.com\/tienda\/wp-json\/wp\/v2\/product_brand?post=2220"},{"taxonomy":"product_cat","embeddable":true,"href":"https:\/\/especiasbi.com\/tienda\/wp-json\/wp\/v2\/product_cat?post=2220"},{"taxonomy":"product_tag","embeddable":true,"href":"https:\/\/especiasbi.com\/tienda\/wp-json\/wp\/v2\/product_tag?post=2220"}],"curies":[{"name":"wp","href":"https:\/\/api.w.org\/{rel}","templated":true}]}}