{"id":2547,"date":"2025-12-11T18:13:05","date_gmt":"2025-12-11T23:13:05","guid":{"rendered":"https:\/\/especiasbi.com\/tienda\/?post_type=product&#038;p=2547"},"modified":"2026-04-05T16:27:28","modified_gmt":"2026-04-05T21:27:28","slug":"sal-rosada-himalaya","status":"publish","type":"product","link":"https:\/\/especiasbi.com\/tienda\/producto\/sal-rosada-himalaya\/","title":{"rendered":"Sal Rosada Himalaya"},"content":{"rendered":"<p>Disfruta de la pureza y el sabor \u00fanico de la Sal Rosada del Himalaya. Su caracter\u00edstico color rosado se debe a su riqueza en minerales lo que la convierte en una alternativa m\u00e1s natural y saludable a la sal refinada. Envasada en un frasco de vidrio, pr\u00e1ctico, elegante y reutilizable.<\/p>\n<h5><strong>Beneficios para la salud:<\/strong><\/h5>\n<p>-Aporta m\u00e1s de 80 minerales y oligoelementos, como calcio, magnesio, potasio y hierro.<br \/>\n-Puede ayudar a equilibrar el pH del organismo.<br \/>\n-Favorece una hidrataci\u00f3n adecuada gracias a su contenido mineral.<br \/>\n-Es una alternativa menos procesada que la sal com\u00fan de mesa.<\/p>\n<h5><strong>Usos sugeridos:<\/strong><\/h5>\n<p>-Perfecta para condimentar carnes, pescados, ensaladas, sopas y guisos.<br \/>\n-Excelente para platos gourmet, realzando sabor y presentaci\u00f3n.<br \/>\n-Puede utilizarse en bebidas rehidratantes naturales.<br \/>\n-Ideal tambi\u00e9n para uso terap\u00e9utico y de bienestar en ba\u00f1os de sal.<\/p>\n<p>Presentaci\u00f3n en frasco de vidrio reutilizable, que conserva la frescura y aporta un toque premium a tu cocina.<\/p>\n","protected":false},"excerpt":{"rendered":"<p>Sal Rosada del Himalaya<\/p>\n","protected":false},"featured_media":2548,"template":"","meta":{"_uag_custom_page_level_css":"","site-sidebar-layout":"default","site-content-layout":"","ast-site-content-layout":"default","site-content-style":"default","site-sidebar-style":"default","ast-global-header-display":"","ast-banner-title-visibility":"","ast-main-header-display":"","ast-hfb-above-header-display":"","ast-hfb-below-header-display":"","ast-hfb-mobile-header-display":"","site-post-title":"","ast-breadcrumbs-content":"","ast-featured-img":"","footer-sml-layout":"","ast-disable-related-posts":"","theme-transparent-header-meta":"default","adv-header-id-meta":"","stick-header-meta":"","header-above-stick-meta":"","header-main-stick-meta":"","header-below-stick-meta":"","astra-migrate-meta-layouts":"set","ast-page-background-enabled":"default","ast-page-background-meta":{"desktop":{"background-color":"var(--ast-global-color-4)","background-image":"","background-repeat":"repeat","background-position":"center center","background-size":"auto","background-attachment":"scroll","background-type":"","background-media":"","overlay-type":"","overlay-color":"","overlay-opacity":"","overlay-gradient":""},"tablet":{"background-color":"","background-image":"","background-repeat":"repeat","background-position":"center center","background-size":"auto","background-attachment":"scroll","background-type":"","background-media":"","overlay-type":"","overlay-color":"","overlay-opacity":"","overlay-gradient":""},"mobile":{"background-color":"","background-image":"","background-repeat":"repeat","background-position":"center center","background-size":"auto","background-attachment":"scroll","background-type":"","background-media":"","overlay-type":"","overlay-color":"","overlay-opacity":"","overlay-gradient":""}},"ast-content-background-meta":{"desktop":{"background-color":"var(--ast-global-color-5)","background-image":"","background-repeat":"repeat","background-position":"center center","background-size":"auto","background-attachment":"scroll","background-type":"","background-media":"","overlay-type":"","overlay-color":"","overlay-opacity":"","overlay-gradient":""},"tablet":{"background-color":"var(--ast-global-color-5)","background-image":"","background-repeat":"repeat","background-position":"center center","background-size":"auto","background-attachment":"scroll","background-type":"","background-media":"","overlay-type":"","overlay-color":"","overlay-opacity":"","overlay-gradient":""},"mobile":{"background-color":"var(--ast-global-color-5)","background-image":"","background-repeat":"repeat","background-position":"center center","background-size":"auto","background-attachment":"scroll","background-type":"","background-media":"","overlay-type":"","overlay-color":"","overlay-opacity":"","overlay-gradient":""}},"_joinchat":[]},"product_brand":[35],"product_cat":[48,66],"product_tag":[61],"class_list":{"0":"post-2547","1":"product","2":"type-product","3":"status-publish","4":"has-post-thumbnail","6":"product_brand-especias-bi","7":"product_cat-sales","8":"product_cat-todos-los-productos","9":"product_tag-grano-fino","10":"desktop-align-center","11":"tablet-align-left","12":"mobile-align-left","14":"first","15":"instock","16":"shipping-taxable","17":"purchasable","18":"product-type-simple"},"uagb_featured_image_src":{"full":["https:\/\/especiasbi.com\/tienda\/wp-content\/uploads\/2025\/12\/Sal-Rosada-del-Himalaya.jpg",664,800,false],"thumbnail":["https:\/\/especiasbi.com\/tienda\/wp-content\/uploads\/2025\/12\/Sal-Rosada-del-Himalaya-150x150.jpg",150,150,true],"medium":["https:\/\/especiasbi.com\/tienda\/wp-content\/uploads\/2025\/12\/Sal-Rosada-del-Himalaya-249x300.jpg",249,300,true],"medium_large":["https:\/\/especiasbi.com\/tienda\/wp-content\/uploads\/2025\/12\/Sal-Rosada-del-Himalaya.jpg",664,800,false],"large":["https:\/\/especiasbi.com\/tienda\/wp-content\/uploads\/2025\/12\/Sal-Rosada-del-Himalaya.jpg",664,800,false],"1536x1536":["https:\/\/especiasbi.com\/tienda\/wp-content\/uploads\/2025\/12\/Sal-Rosada-del-Himalaya.jpg",664,800,false],"2048x2048":["https:\/\/especiasbi.com\/tienda\/wp-content\/uploads\/2025\/12\/Sal-Rosada-del-Himalaya.jpg",664,800,false],"woocommerce_thumbnail":["https:\/\/especiasbi.com\/tienda\/wp-content\/uploads\/2025\/12\/Sal-Rosada-del-Himalaya-300x300.jpg",300,300,true],"woocommerce_single":["https:\/\/especiasbi.com\/tienda\/wp-content\/uploads\/2025\/12\/Sal-Rosada-del-Himalaya-600x723.jpg",600,723,true],"woocommerce_gallery_thumbnail":["https:\/\/especiasbi.com\/tienda\/wp-content\/uploads\/2025\/12\/Sal-Rosada-del-Himalaya-100x100.jpg",100,100,true]},"uagb_author_info":{"display_name":"Especias Bi \/ Tienda","author_link":"https:\/\/especiasbi.com\/tienda\/author\/"},"uagb_comment_info":0,"uagb_excerpt":"Sal Rosada del Himalaya","_links":{"self":[{"href":"https:\/\/especiasbi.com\/tienda\/wp-json\/wp\/v2\/product\/2547","targetHints":{"allow":["GET"]}}],"collection":[{"href":"https:\/\/especiasbi.com\/tienda\/wp-json\/wp\/v2\/product"}],"about":[{"href":"https:\/\/especiasbi.com\/tienda\/wp-json\/wp\/v2\/types\/product"}],"wp:featuredmedia":[{"embeddable":true,"href":"https:\/\/especiasbi.com\/tienda\/wp-json\/wp\/v2\/media\/2548"}],"wp:attachment":[{"href":"https:\/\/especiasbi.com\/tienda\/wp-json\/wp\/v2\/media?parent=2547"}],"wp:term":[{"taxonomy":"product_brand","embeddable":true,"href":"https:\/\/especiasbi.com\/tienda\/wp-json\/wp\/v2\/product_brand?post=2547"},{"taxonomy":"product_cat","embeddable":true,"href":"https:\/\/especiasbi.com\/tienda\/wp-json\/wp\/v2\/product_cat?post=2547"},{"taxonomy":"product_tag","embeddable":true,"href":"https:\/\/especiasbi.com\/tienda\/wp-json\/wp\/v2\/product_tag?post=2547"}],"curies":[{"name":"wp","href":"https:\/\/api.w.org\/{rel}","templated":true}]}}