{"id":2553,"date":"2025-12-11T18:17:50","date_gmt":"2025-12-11T23:17:50","guid":{"rendered":"https:\/\/especiasbi.com\/tienda\/?post_type=product&#038;p=2553"},"modified":"2026-04-05T16:31:00","modified_gmt":"2026-04-05T21:31:00","slug":"sal-himalaya-y-paprika","status":"publish","type":"product","link":"https:\/\/especiasbi.com\/tienda\/producto\/sal-himalaya-y-paprika\/","title":{"rendered":"Sal Himalaya y Paprika"},"content":{"rendered":"<p>La combinaci\u00f3n de Sal Rosada del Himalaya y Paprika da como resultado un condimento gourmet lleno de sabor, color y propiedades. La sal, extra\u00edda de antiguas minas, conserva minerales esenciales, mientras que la paprika aporta un toque ahumado, ligeramente dulce y vibrante. Envasado en un frasco de vidrio, que preserva frescura y calidad.<\/p>\n<h5>Beneficios para la salud:<\/h5>\n<p>La sal rosada del Himalaya aporta m\u00e1s de 80 minerales y oligoelementos.<br \/>\nLa paprika es rica en antioxidantes y vitamina C, favoreciendo el sistema inmune.<br \/>\nPuede contribuir a equilibrar el pH del organismo y a mejorar la hidrataci\u00f3n.<br \/>\nUna forma natural y saludable de realzar el sabor de tus comidas.<\/p>\n<h5>Usos sugeridos:<\/h5>\n<p>Ideal para carnes a la parrilla, pollo, pescados y vegetales asados.<br \/>\nPerfecta para dar color y sabor a arroces, sopas, guisos y salsas.<br \/>\nExcelente en ensaladas, adobos y marinados.<br \/>\n\u00dasala como condimento final para dar un toque gourmet y vibrante a tus platos.<\/p>\n<p>Presentaci\u00f3n en frasco de vidrio reutilizable, elegante, pr\u00e1ctico y ecol\u00f3gico.<\/p>\n","protected":false},"excerpt":{"rendered":"<p>(sal himalaya, ajo, cebolla, pimienta negra, Paprika Ahumada)<\/p>\n","protected":false},"featured_media":2556,"template":"","meta":{"_uag_custom_page_level_css":"","site-sidebar-layout":"default","site-content-layout":"","ast-site-content-layout":"default","site-content-style":"default","site-sidebar-style":"default","ast-global-header-display":"","ast-banner-title-visibility":"","ast-main-header-display":"","ast-hfb-above-header-display":"","ast-hfb-below-header-display":"","ast-hfb-mobile-header-display":"","site-post-title":"","ast-breadcrumbs-content":"","ast-featured-img":"","footer-sml-layout":"","ast-disable-related-posts":"","theme-transparent-header-meta":"default","adv-header-id-meta":"","stick-header-meta":"","header-above-stick-meta":"","header-main-stick-meta":"","header-below-stick-meta":"","astra-migrate-meta-layouts":"set","ast-page-background-enabled":"default","ast-page-background-meta":{"desktop":{"background-color":"var(--ast-global-color-4)","background-image":"","background-repeat":"repeat","background-position":"center center","background-size":"auto","background-attachment":"scroll","background-type":"","background-media":"","overlay-type":"","overlay-color":"","overlay-opacity":"","overlay-gradient":""},"tablet":{"background-color":"","background-image":"","background-repeat":"repeat","background-position":"center center","background-size":"auto","background-attachment":"scroll","background-type":"","background-media":"","overlay-type":"","overlay-color":"","overlay-opacity":"","overlay-gradient":""},"mobile":{"background-color":"","background-image":"","background-repeat":"repeat","background-position":"center center","background-size":"auto","background-attachment":"scroll","background-type":"","background-media":"","overlay-type":"","overlay-color":"","overlay-opacity":"","overlay-gradient":""}},"ast-content-background-meta":{"desktop":{"background-color":"var(--ast-global-color-5)","background-image":"","background-repeat":"repeat","background-position":"center center","background-size":"auto","background-attachment":"scroll","background-type":"","background-media":"","overlay-type":"","overlay-color":"","overlay-opacity":"","overlay-gradient":""},"tablet":{"background-color":"var(--ast-global-color-5)","background-image":"","background-repeat":"repeat","background-position":"center center","background-size":"auto","background-attachment":"scroll","background-type":"","background-media":"","overlay-type":"","overlay-color":"","overlay-opacity":"","overlay-gradient":""},"mobile":{"background-color":"var(--ast-global-color-5)","background-image":"","background-repeat":"repeat","background-position":"center center","background-size":"auto","background-attachment":"scroll","background-type":"","background-media":"","overlay-type":"","overlay-color":"","overlay-opacity":"","overlay-gradient":""}},"_joinchat":[]},"product_brand":[35],"product_cat":[48,66],"product_tag":[61,62,39],"class_list":{"0":"post-2553","1":"product","2":"type-product","3":"status-publish","4":"has-post-thumbnail","6":"product_brand-especias-bi","7":"product_cat-sales","8":"product_cat-todos-los-productos","9":"product_tag-grano-fino","10":"product_tag-mezcla","11":"product_tag-molido","12":"desktop-align-center","13":"tablet-align-left","14":"mobile-align-left","16":"first","17":"instock","18":"shipping-taxable","19":"purchasable","20":"product-type-simple"},"uagb_featured_image_src":{"full":["https:\/\/especiasbi.com\/tienda\/wp-content\/uploads\/2025\/12\/Sal-himalaya-y-Paprika.jpg",664,800,false],"thumbnail":["https:\/\/especiasbi.com\/tienda\/wp-content\/uploads\/2025\/12\/Sal-himalaya-y-Paprika-150x150.jpg",150,150,true],"medium":["https:\/\/especiasbi.com\/tienda\/wp-content\/uploads\/2025\/12\/Sal-himalaya-y-Paprika-249x300.jpg",249,300,true],"medium_large":["https:\/\/especiasbi.com\/tienda\/wp-content\/uploads\/2025\/12\/Sal-himalaya-y-Paprika.jpg",664,800,false],"large":["https:\/\/especiasbi.com\/tienda\/wp-content\/uploads\/2025\/12\/Sal-himalaya-y-Paprika.jpg",664,800,false],"1536x1536":["https:\/\/especiasbi.com\/tienda\/wp-content\/uploads\/2025\/12\/Sal-himalaya-y-Paprika.jpg",664,800,false],"2048x2048":["https:\/\/especiasbi.com\/tienda\/wp-content\/uploads\/2025\/12\/Sal-himalaya-y-Paprika.jpg",664,800,false],"woocommerce_thumbnail":["https:\/\/especiasbi.com\/tienda\/wp-content\/uploads\/2025\/12\/Sal-himalaya-y-Paprika-300x300.jpg",300,300,true],"woocommerce_single":["https:\/\/especiasbi.com\/tienda\/wp-content\/uploads\/2025\/12\/Sal-himalaya-y-Paprika-600x723.jpg",600,723,true],"woocommerce_gallery_thumbnail":["https:\/\/especiasbi.com\/tienda\/wp-content\/uploads\/2025\/12\/Sal-himalaya-y-Paprika-100x100.jpg",100,100,true]},"uagb_author_info":{"display_name":"Especias Bi \/ Tienda","author_link":"https:\/\/especiasbi.com\/tienda\/author\/"},"uagb_comment_info":0,"uagb_excerpt":"(sal himalaya, ajo, cebolla, pimienta negra, Paprika Ahumada)","_links":{"self":[{"href":"https:\/\/especiasbi.com\/tienda\/wp-json\/wp\/v2\/product\/2553","targetHints":{"allow":["GET"]}}],"collection":[{"href":"https:\/\/especiasbi.com\/tienda\/wp-json\/wp\/v2\/product"}],"about":[{"href":"https:\/\/especiasbi.com\/tienda\/wp-json\/wp\/v2\/types\/product"}],"wp:featuredmedia":[{"embeddable":true,"href":"https:\/\/especiasbi.com\/tienda\/wp-json\/wp\/v2\/media\/2556"}],"wp:attachment":[{"href":"https:\/\/especiasbi.com\/tienda\/wp-json\/wp\/v2\/media?parent=2553"}],"wp:term":[{"taxonomy":"product_brand","embeddable":true,"href":"https:\/\/especiasbi.com\/tienda\/wp-json\/wp\/v2\/product_brand?post=2553"},{"taxonomy":"product_cat","embeddable":true,"href":"https:\/\/especiasbi.com\/tienda\/wp-json\/wp\/v2\/product_cat?post=2553"},{"taxonomy":"product_tag","embeddable":true,"href":"https:\/\/especiasbi.com\/tienda\/wp-json\/wp\/v2\/product_tag?post=2553"}],"curies":[{"name":"wp","href":"https:\/\/api.w.org\/{rel}","templated":true}]}}