{"id":2795,"date":"2025-12-13T11:24:40","date_gmt":"2025-12-13T16:24:40","guid":{"rendered":"https:\/\/especiasbi.com\/tienda\/?post_type=product&#038;p=2795"},"modified":"2026-01-16T12:14:12","modified_gmt":"2026-01-16T17:14:12","slug":"semillas-de-amaranto","status":"publish","type":"product","link":"https:\/\/especiasbi.com\/tienda\/producto\/semillas-de-amaranto\/","title":{"rendered":"Semillas de Amaranto"},"content":{"rendered":"<p>El amaranto en semillas es un pseudocereal ancestral altamente valorado por su perfil nutricional y su sabor suave, ligeramente a nuez. Es un ingrediente vers\u00e1til que puede utilizarse tanto en preparaciones dulces como saladas, aportando textura, nutrici\u00f3n y un toque natural a la cocina diaria. Envasado en un frasco de vidrio, conserva su frescura, pureza y calidad.<\/p>\n<h4><strong>Beneficios del Amaranto:<\/strong><\/h4>\n<p>-\u00datil para quienes llevan una alimentaci\u00f3n vegana y buscan prote\u00ednas de origen vegetal de alta calidad.<br \/>\n-El amaranto aportan una importante dosis de \u00e1cido f\u00f3lico y vitaminas como A, B, B1, B2, B3, C y K. Otras de sus cualidades son la niacina, calcio, hierro y f\u00f3sforo. Adem\u00e1s de poseer algunos amino\u00e1cidos como lisina, niacina y tiamina.<br \/>\n-Por su contenido en fibra y en fitoesteroles, el consumo de amaranto podr\u00eda ser de ayuda para prevenir enfermedades cardiovasculares.<br \/>\n-Ayuda a controlar el estre\u00f1imiento, insuficiencia renal e insuficiencia hep\u00e1tica, hipertensi\u00f3n arterial, osteoporosis, diabetes, entre otras.<\/p>\n<h4><strong data-start=\"744\" data-end=\"763\">Usos sugeridos:<\/strong><\/h4>\n<p>Ideal para cocinar como grano, en sopas, guisos, ensaladas y bowls. Excelente para preparar porridge, granolas, barras energ\u00e9ticas y reposter\u00eda. Tambi\u00e9n puede tostarse para hacer amaranto inflado, utilizarse como topping en yogures, frutas y ensaladas, o incorporarse en mezclas de panader\u00eda y harinas.<\/p>\n","protected":false},"excerpt":{"rendered":"<p>Semilla de Amaranto 50g<\/p>\n","protected":false},"featured_media":2800,"template":"","meta":{"_uag_custom_page_level_css":"","site-sidebar-layout":"default","site-content-layout":"","ast-site-content-layout":"default","site-content-style":"default","site-sidebar-style":"default","ast-global-header-display":"","ast-banner-title-visibility":"","ast-main-header-display":"","ast-hfb-above-header-display":"","ast-hfb-below-header-display":"","ast-hfb-mobile-header-display":"","site-post-title":"","ast-breadcrumbs-content":"","ast-featured-img":"","footer-sml-layout":"","ast-disable-related-posts":"","theme-transparent-header-meta":"default","adv-header-id-meta":"","stick-header-meta":"","header-above-stick-meta":"","header-main-stick-meta":"","header-below-stick-meta":"","astra-migrate-meta-layouts":"set","ast-page-background-enabled":"default","ast-page-background-meta":{"desktop":{"background-color":"var(--ast-global-color-4)","background-image":"","background-repeat":"repeat","background-position":"center center","background-size":"auto","background-attachment":"scroll","background-type":"","background-media":"","overlay-type":"","overlay-color":"","overlay-opacity":"","overlay-gradient":""},"tablet":{"background-color":"","background-image":"","background-repeat":"repeat","background-position":"center center","background-size":"auto","background-attachment":"scroll","background-type":"","background-media":"","overlay-type":"","overlay-color":"","overlay-opacity":"","overlay-gradient":""},"mobile":{"background-color":"","background-image":"","background-repeat":"repeat","background-position":"center center","background-size":"auto","background-attachment":"scroll","background-type":"","background-media":"","overlay-type":"","overlay-color":"","overlay-opacity":"","overlay-gradient":""}},"ast-content-background-meta":{"desktop":{"background-color":"var(--ast-global-color-5)","background-image":"","background-repeat":"repeat","background-position":"center center","background-size":"auto","background-attachment":"scroll","background-type":"","background-media":"","overlay-type":"","overlay-color":"","overlay-opacity":"","overlay-gradient":""},"tablet":{"background-color":"var(--ast-global-color-5)","background-image":"","background-repeat":"repeat","background-position":"center center","background-size":"auto","background-attachment":"scroll","background-type":"","background-media":"","overlay-type":"","overlay-color":"","overlay-opacity":"","overlay-gradient":""},"mobile":{"background-color":"var(--ast-global-color-5)","background-image":"","background-repeat":"repeat","background-position":"center center","background-size":"auto","background-attachment":"scroll","background-type":"","background-media":"","overlay-type":"","overlay-color":"","overlay-opacity":"","overlay-gradient":""}},"_joinchat":[]},"product_brand":[35],"product_cat":[49,66],"product_tag":[55],"class_list":{"0":"post-2795","1":"product","2":"type-product","3":"status-publish","4":"has-post-thumbnail","6":"product_brand-especias-bi","7":"product_cat-semillas-pepas","8":"product_cat-todos-los-productos","9":"product_tag-semillas","10":"desktop-align-center","11":"tablet-align-left","12":"mobile-align-left","14":"first","15":"instock","16":"shipping-taxable","17":"purchasable","18":"product-type-simple"},"uagb_featured_image_src":{"full":["https:\/\/especiasbi.com\/tienda\/wp-content\/uploads\/2025\/12\/Semillas-Amaranto.jpg",664,800,false],"thumbnail":["https:\/\/especiasbi.com\/tienda\/wp-content\/uploads\/2025\/12\/Semillas-Amaranto-150x150.jpg",150,150,true],"medium":["https:\/\/especiasbi.com\/tienda\/wp-content\/uploads\/2025\/12\/Semillas-Amaranto-249x300.jpg",249,300,true],"medium_large":["https:\/\/especiasbi.com\/tienda\/wp-content\/uploads\/2025\/12\/Semillas-Amaranto.jpg",664,800,false],"large":["https:\/\/especiasbi.com\/tienda\/wp-content\/uploads\/2025\/12\/Semillas-Amaranto.jpg",664,800,false],"1536x1536":["https:\/\/especiasbi.com\/tienda\/wp-content\/uploads\/2025\/12\/Semillas-Amaranto.jpg",664,800,false],"2048x2048":["https:\/\/especiasbi.com\/tienda\/wp-content\/uploads\/2025\/12\/Semillas-Amaranto.jpg",664,800,false],"woocommerce_thumbnail":["https:\/\/especiasbi.com\/tienda\/wp-content\/uploads\/2025\/12\/Semillas-Amaranto-300x300.jpg",300,300,true],"woocommerce_single":["https:\/\/especiasbi.com\/tienda\/wp-content\/uploads\/2025\/12\/Semillas-Amaranto-600x723.jpg",600,723,true],"woocommerce_gallery_thumbnail":["https:\/\/especiasbi.com\/tienda\/wp-content\/uploads\/2025\/12\/Semillas-Amaranto-100x100.jpg",100,100,true]},"uagb_author_info":{"display_name":"Especias Bi \/ Tienda","author_link":"https:\/\/especiasbi.com\/tienda\/author\/"},"uagb_comment_info":0,"uagb_excerpt":"Semilla de Amaranto 50g","_links":{"self":[{"href":"https:\/\/especiasbi.com\/tienda\/wp-json\/wp\/v2\/product\/2795","targetHints":{"allow":["GET"]}}],"collection":[{"href":"https:\/\/especiasbi.com\/tienda\/wp-json\/wp\/v2\/product"}],"about":[{"href":"https:\/\/especiasbi.com\/tienda\/wp-json\/wp\/v2\/types\/product"}],"wp:featuredmedia":[{"embeddable":true,"href":"https:\/\/especiasbi.com\/tienda\/wp-json\/wp\/v2\/media\/2800"}],"wp:attachment":[{"href":"https:\/\/especiasbi.com\/tienda\/wp-json\/wp\/v2\/media?parent=2795"}],"wp:term":[{"taxonomy":"product_brand","embeddable":true,"href":"https:\/\/especiasbi.com\/tienda\/wp-json\/wp\/v2\/product_brand?post=2795"},{"taxonomy":"product_cat","embeddable":true,"href":"https:\/\/especiasbi.com\/tienda\/wp-json\/wp\/v2\/product_cat?post=2795"},{"taxonomy":"product_tag","embeddable":true,"href":"https:\/\/especiasbi.com\/tienda\/wp-json\/wp\/v2\/product_tag?post=2795"}],"curies":[{"name":"wp","href":"https:\/\/api.w.org\/{rel}","templated":true}]}}