{"id":3302,"date":"2026-04-05T16:59:27","date_gmt":"2026-04-05T21:59:27","guid":{"rendered":"https:\/\/especiasbi.com\/tienda\/?post_type=product&#038;p=3302"},"modified":"2026-04-14T12:59:03","modified_gmt":"2026-04-14T17:59:03","slug":"sal-ahumada","status":"publish","type":"product","link":"https:\/\/especiasbi.com\/tienda\/producto\/sal-ahumada\/","title":{"rendered":"Sal Ahumada"},"content":{"rendered":"<p>Sal Ahumada 60g<br \/>\n(Sal Fina con Aroma Natural Ahumado)<\/p>\n<h5>Usos:<\/h5>\n<p>Carnes, verduras, parrilas, pescado, estofados, cocktail<br \/>\nSabor c\u00e1rnico en la cocina vegetariana<\/p>\n<h5>Rese\u00f1a:<\/h5>\n<p>La sal ahumada es una sal empleada como condimento debido a que tiene un agradable olor a ahumado. Esta sal se emplea fundamentalmente en la cocina para dar al mismo tiempo sabor salado y un olor ahumado, es por esta raz\u00f3n que se emplea tambi\u00e9n como especia. Se usa para preparar carnes que se cocinar\u00e1n a fuego lento, sazonar verduras a la parrilla, sazonar pescados especialmente salm\u00f3n, sazonar aperitivos como foie gras, sazonar escalivada, sazonar s\u00e1ndwiches y ensaladas, dar un aroma a sopas, ensaladas y pasta, simular sabores c\u00e1rnicos en las cocinas vegetarianas, espolvorearla sobre rodajas de tomate y pepino, mezclada en hamburguesas, y se usa en salsas, estofados y cocktail.<\/p>\n","protected":false},"excerpt":{"rendered":"<p>(Sal Refinada con Aroma Natural Ahumado)<\/p>\n","protected":false},"featured_media":3305,"template":"","meta":{"_uag_custom_page_level_css":"","site-sidebar-layout":"default","site-content-layout":"","ast-site-content-layout":"default","site-content-style":"default","site-sidebar-style":"default","ast-global-header-display":"","ast-banner-title-visibility":"","ast-main-header-display":"","ast-hfb-above-header-display":"","ast-hfb-below-header-display":"","ast-hfb-mobile-header-display":"","site-post-title":"","ast-breadcrumbs-content":"","ast-featured-img":"","footer-sml-layout":"","ast-disable-related-posts":"","theme-transparent-header-meta":"default","adv-header-id-meta":"","stick-header-meta":"","header-above-stick-meta":"","header-main-stick-meta":"","header-below-stick-meta":"","astra-migrate-meta-layouts":"set","ast-page-background-enabled":"default","ast-page-background-meta":{"desktop":{"background-color":"var(--ast-global-color-4)","background-image":"","background-repeat":"repeat","background-position":"center center","background-size":"auto","background-attachment":"scroll","background-type":"","background-media":"","overlay-type":"","overlay-color":"","overlay-opacity":"","overlay-gradient":""},"tablet":{"background-color":"","background-image":"","background-repeat":"repeat","background-position":"center center","background-size":"auto","background-attachment":"scroll","background-type":"","background-media":"","overlay-type":"","overlay-color":"","overlay-opacity":"","overlay-gradient":""},"mobile":{"background-color":"","background-image":"","background-repeat":"repeat","background-position":"center center","background-size":"auto","background-attachment":"scroll","background-type":"","background-media":"","overlay-type":"","overlay-color":"","overlay-opacity":"","overlay-gradient":""}},"ast-content-background-meta":{"desktop":{"background-color":"var(--ast-global-color-5)","background-image":"","background-repeat":"repeat","background-position":"center center","background-size":"auto","background-attachment":"scroll","background-type":"","background-media":"","overlay-type":"","overlay-color":"","overlay-opacity":"","overlay-gradient":""},"tablet":{"background-color":"var(--ast-global-color-5)","background-image":"","background-repeat":"repeat","background-position":"center center","background-size":"auto","background-attachment":"scroll","background-type":"","background-media":"","overlay-type":"","overlay-color":"","overlay-opacity":"","overlay-gradient":""},"mobile":{"background-color":"var(--ast-global-color-5)","background-image":"","background-repeat":"repeat","background-position":"center center","background-size":"auto","background-attachment":"scroll","background-type":"","background-media":"","overlay-type":"","overlay-color":"","overlay-opacity":"","overlay-gradient":""}},"_joinchat":[]},"product_brand":[35],"product_cat":[48,66],"product_tag":[63],"class_list":{"0":"post-3302","1":"product","2":"type-product","3":"status-publish","4":"has-post-thumbnail","6":"product_brand-especias-bi","7":"product_cat-sales","8":"product_cat-todos-los-productos","9":"product_tag-grano-medio","10":"desktop-align-center","11":"tablet-align-left","12":"mobile-align-left","14":"first","15":"instock","16":"shipping-taxable","17":"purchasable","18":"product-type-simple"},"uagb_featured_image_src":{"full":["https:\/\/especiasbi.com\/tienda\/wp-content\/uploads\/2026\/04\/Sal-Negra-Ahumada.jpg",664,800,false],"thumbnail":["https:\/\/especiasbi.com\/tienda\/wp-content\/uploads\/2026\/04\/Sal-Negra-Ahumada-150x150.jpg",150,150,true],"medium":["https:\/\/especiasbi.com\/tienda\/wp-content\/uploads\/2026\/04\/Sal-Negra-Ahumada-249x300.jpg",249,300,true],"medium_large":["https:\/\/especiasbi.com\/tienda\/wp-content\/uploads\/2026\/04\/Sal-Negra-Ahumada.jpg",664,800,false],"large":["https:\/\/especiasbi.com\/tienda\/wp-content\/uploads\/2026\/04\/Sal-Negra-Ahumada.jpg",664,800,false],"1536x1536":["https:\/\/especiasbi.com\/tienda\/wp-content\/uploads\/2026\/04\/Sal-Negra-Ahumada.jpg",664,800,false],"2048x2048":["https:\/\/especiasbi.com\/tienda\/wp-content\/uploads\/2026\/04\/Sal-Negra-Ahumada.jpg",664,800,false],"woocommerce_thumbnail":["https:\/\/especiasbi.com\/tienda\/wp-content\/uploads\/2026\/04\/Sal-Negra-Ahumada-300x300.jpg",300,300,true],"woocommerce_single":["https:\/\/especiasbi.com\/tienda\/wp-content\/uploads\/2026\/04\/Sal-Negra-Ahumada-600x723.jpg",600,723,true],"woocommerce_gallery_thumbnail":["https:\/\/especiasbi.com\/tienda\/wp-content\/uploads\/2026\/04\/Sal-Negra-Ahumada-100x100.jpg",100,100,true]},"uagb_author_info":{"display_name":"Especias Bi \/ Tienda","author_link":"https:\/\/especiasbi.com\/tienda\/author\/"},"uagb_comment_info":0,"uagb_excerpt":"(Sal Refinada con Aroma Natural Ahumado)","_links":{"self":[{"href":"https:\/\/especiasbi.com\/tienda\/wp-json\/wp\/v2\/product\/3302","targetHints":{"allow":["GET"]}}],"collection":[{"href":"https:\/\/especiasbi.com\/tienda\/wp-json\/wp\/v2\/product"}],"about":[{"href":"https:\/\/especiasbi.com\/tienda\/wp-json\/wp\/v2\/types\/product"}],"wp:featuredmedia":[{"embeddable":true,"href":"https:\/\/especiasbi.com\/tienda\/wp-json\/wp\/v2\/media\/3305"}],"wp:attachment":[{"href":"https:\/\/especiasbi.com\/tienda\/wp-json\/wp\/v2\/media?parent=3302"}],"wp:term":[{"taxonomy":"product_brand","embeddable":true,"href":"https:\/\/especiasbi.com\/tienda\/wp-json\/wp\/v2\/product_brand?post=3302"},{"taxonomy":"product_cat","embeddable":true,"href":"https:\/\/especiasbi.com\/tienda\/wp-json\/wp\/v2\/product_cat?post=3302"},{"taxonomy":"product_tag","embeddable":true,"href":"https:\/\/especiasbi.com\/tienda\/wp-json\/wp\/v2\/product_tag?post=3302"}],"curies":[{"name":"wp","href":"https:\/\/api.w.org\/{rel}","templated":true}]}}